
Let m(w) = -w**3 - 11*w**2 + 11. What is the tens digit of m(-11)?
1
Suppose 4*k - k = 12. Let t = 9 + -8. What is the units digit of t + -3 - (-10 + k)?
4
Let o(q) = -q**2 - 10*q - 9. Let j = 15 - 23. What is the units digit of o(j)?
7
Suppose -4*y = -0*y - 4*t + 4, 2*t - 2 = 0. Suppose y*s + 5*s = 10. Suppose -a + s*x = 0, -3*x + 0*x - 10 = -4*a. What is the units digit of a?
4
Suppose -4*c = -110 - 38. What is the units digit of c?
7
Let f = 6 + -3. Let t be ((-112)/(-3))/4*f. Let j = t + -17. What is the units digit of j?
1
Suppose -1720 = -10*d - 0*d. What is the hundreds digit of d?
1
Let z(t) = -t**3 + t**2 + 2*t + 1. Let s be z(-1). Suppose -5 - s = -3*w. What is the units digit of 1*(1 - w) + 6?
5
Suppose 1 = -5*s + 4*l - 24, -l = -5*s - 10. What is the units digit of s - 4 - -1 - -37?
3
What is the tens digit of 13927/95 - ((-2)/(-5))/(-1)?
4
Let f(x) = 3*x**3 - 5*x**2 + x + 5. Let p(l) = -4 + 5*l**2 - 4 + 3 - 4*l**3 - 2*l. Let i(n) = 5*f(n) + 4*p(n). What is the units digit of i(-4)?
1
Let r(u) = -u**3 + 4*u**2 - 4. Let p = -5 - -8. What is the units digit of r(p)?
5
Let z = -5 + 10. Suppose 6*i - i = 5. Suppose -3*l - i = c - z, -3 = -3*l. What is the units digit of c?
1
Let d(a) = 4*a**2 - a - 1. Let s be d(-1). Let c be s/(-2) + 2 + -3. Let u = c - -16. What is the tens digit of u?
1
Suppose -3*j - 52 = 6*u - 4*u, -32 = u + 3*j. Let m = -9 - u. What is the units digit of m?
1
Suppose -2*w + 1 = i - 0, -5*w + 22 = -4*i. Suppose -w*o + o = -3. What is the units digit of 5*-2*o/(-6)?
5
Suppose 0 = 2*b - 2*w - 2, -2*b - 6*w + 2*w - 22 = 0. Suppose -k = -z - 3, 2*k - 3*k - z = -9. Let a = b + k. What is the units digit of a?
3
Let d(y) = -y + 13. Let h be d(9). What is the units digit of (-2)/h*2*-1?
1
Suppose -6*m + 15 = -m. Let c(k) = -2 - m*k + 2. What is the units digit of c(-2)?
6
What is the units digit of (-1)/(1/(-35)) - -5?
0
Suppose 17*o - 584 = 15*o. What is the tens digit of o?
9
Suppose -r - 11 = -5*s, -2*s - s + 3*r - 3 = 0. What is the units digit of s?
3
Let i(m) = m**3 + 10*m**2 + 10. Let h = -18 + 8. What is the units digit of i(h)?
0
Let f be 0 + 34 + 6 + -6. Let u = f - 20. What is the units digit of u?
4
Let f = -14 - -30. Suppose -4*a + 2*n - 7*n = -14, -2*a = -2*n - f. What is the units digit of a?
6
Let u be (-3)/6 - 1/(-2). Let b(a) = 0*a**3 + 3*a + u*a - a**3 + 2. What is the units digit of b(-2)?
4
Suppose r + 43 = 2*r - 2*w, 0 = 5*r + 3*w - 189. Suppose -2*m + r = -27. What is the tens digit of m?
3
Suppose 4*j = 7*j. Let l = j - -2. What is the units digit of l?
2
Suppose 5*u = 28 + 27. What is the units digit of u?
1
Let v(b) = b**3 + 4*b**2 - 3*b - 2. Let n be v(-4). Suppose l + l + n = 0, 2*g - 2*l - 10 = 0. Let a = 2 + g. What is the units digit of a?
2
Let h = -6 - 1. Let z = 19 + h. What is the units digit of z?
2
Suppose -c = 2*c - 2*k + 2, c = -3*k + 3. Let h = 7 + c. What is the units digit of h?
7
Let j = 173 + -68. What is the units digit of j?
5
Suppose -m = -3*s + 2, 5 = -m + 4*s + 2. What is the units digit of m?
1
Let a = -10 - -5. Let c = 9 + a. What is the units digit of c?
4
What is the hundreds digit of (1 - -17)*814/66?
2
Let z be 4/(-12) - (-1)/3. Suppose 2*u - 6 - 10 = z. Suppose -12 = -5*i + l, -u*i - 3*l + 24 = -3*i. What is the units digit of i?
3
Let y(b) = b**2 - b + 29. What is the tens digit of y(0)?
2
Suppose -c + 356 = 3*c. What is the tens digit of c?
8
Let t(m) = -m**2 + 11*m + 16. Let l be t(11). Let y = 14 + l. What is the tens digit of y?
3
Suppose 2*b = 2*o - 36, o - 2*b - 9 = 14. Let n = 35 + o. What is the tens digit of n?
4
Suppose c + 3*c = 0. Suppose -3*a + 3 = -c*a, 5*l + 2*a = 47. What is the units digit of l?
9
Let r(y) = -2*y + 1. Let x be r(-1). Let w = x + 1. Suppose 30 = 6*f - f - w*z, -f - 4*z = 18. What is the units digit of f?
2
Let j(i) = -15*i + 1. Let g be j(-1). Let x = g + -5. What is the tens digit of x?
1
Let c(f) = -3*f**2 - f - 2. Let x be c(-2). Let z(h) = -h**2 - 17*h - 11. What is the units digit of z(x)?
9
What is the tens digit of 1*-4*1 - (-954)/9?
0
Let t(m) = 4*m**3 + m**2 - 9*m - 12. Let h(i) = -i**3 - i**2 + i + 1. Let c(q) = -5*h(q) - t(q). What is the units digit of c(-3)?
4
Let q be -12*(15/(-6) + 3). Let h = q + 18. What is the units digit of h?
2
Let n = -3 - -3. Suppose 0 = -3*r - 4*s + 121, n = 4*r - r - 3*s - 156. Suppose 0 = -3*f - 2 + r. What is the tens digit of f?
1
Let o(f) = 6*f**2 + 10*f - 12. What is the units digit of o(-5)?
8
Let a = -7 + 52. Suppose p + 2*p = a. What is the units digit of p?
5
Suppose -5*d - t + 688 = -4*t, 0 = -d - 4*t + 156. What is the units digit of d?
0
Let k = 83 - 61. What is the units digit of k?
2
Let u = 479 + -264. What is the hundreds digit of u?
2
Let f(d) = d**3 - 3*d**2 + 2. Let z be f(3). Suppose -4*y + a + 56 = 0, 5*y + 7*a - z*a - 95 = 0. What is the tens digit of y?
1
Let a(r) = 12*r + r**2 - 4 - 12*r**2 - 6 + r**3. What is the units digit of a(10)?
0
Let u be (-16)/(-3) + (-4)/12. Suppose -33 = u*o + 2*k - 8, k = -3*o - 14. Let c(s) = -s**2 - 4*s - 2. What is the units digit of c(o)?
1
Let p = -37 - -61. What is the units digit of p?
4
Suppose 0 = -2*z + z - 29. Let g = -16 - z. What is the units digit of g?
3
Suppose 2*v - 8 = 64. Suppose 20 = -5*u, 3*c - u = 12 + 40. Let s = v - c. What is the units digit of s?
0
Let j(i) = -231*i - 2. Let o be j(-1). Suppose -o = -5*q - 2*k - 4, 42 = q + k. What is the tens digit of q?
4
Let p = -4 + 6. Let q = p - -5. What is the units digit of q?
7
Let v = -1 + 6. Suppose 25 = v*x + 90. What is the units digit of (x/3)/((-3)/9)?
3
Let v be (-3 - 42) + (-4)/(-2). Let t = 66 + v. What is the units digit of t?
3
Let q = -1 + 3. Suppose -4*w = -t - 36, -q*w + t + 18 = 5*t. What is the units digit of w?
9
Suppose 1 + 1 = 2*a, 0 = -t - a + 18. What is the tens digit of t?
1
Let m be (9/(-12))/(2/8). Let l be (-2)/(-10) + 90/50. What is the units digit of m*3/(-18)*l?
1
Suppose -3 = l - 2*l. Let v = 8 - l. Suppose 0 = -4*o + v + 15. What is the units digit of o?
5
Let y = -5 + 9. Suppose u + 0 - y = 0. Suppose 0 = u*h - 30 - 26. What is the units digit of h?
4
Let y be 3 - (2 - (3 + 0)). Let p(x) = 3*x**2 - 6*x + 6. Let s be p(y). Let u = 46 - s. What is the tens digit of u?
1
Suppose -3*u + 5*q + 141 = u, -q + 42 = u. Let a be 345/u + (-4)/(-26). Let z = a - -1. What is the tens digit of z?
1
Let b = -40 - -95. What is the units digit of b?
5
Suppose -3*c = -2*c - b - 56, 3*c = -5*b + 184. Let p = c + -8. What is the units digit of p?
0
Let d(y) = -y**2 - 5*y - 2. Let i be d(-4). Suppose 5*s - 25 - 10 = 0. Suppose -3*p + 5*w + 59 = 0, -i*p = -p + 5*w + s. What is the tens digit of p?
1
Let k = -12 + 18. Suppose 5*s - 74 = f, k + 8 = s - f. What is the tens digit of s?
1
Let q(j) = -j**2 + 15*j - 9. What is the units digit of q(13)?
7
Suppose 0 = p - 1. What is the tens digit of p/(-8) - (-1131)/24?
4
Let m = -8 - -31. Let k = m - 41. What is the units digit of (-1)/(3/k*1)?
6
Let y(z) = -3*z - 9. Let k be y(-5). Let f = 201 - 136. Suppose -k*h + f = -h. What is the tens digit of h?
1
Suppose -6*a + 2*a + 4*s + 12 = 0, -2*a + 6 = -4*s. Let q be (1 + 11)/((-2)/a). What is the units digit of (6*-1)/(q/24)?
8
Let c(h) = h - 5. Let d be c(7). Let p(g) = 2*g**3 - 2*g**2 + 2*g. Let y be p(d). What is the units digit of (6/4)/(9/y)?
2
Suppose 8*n - 4*n + 150 = 2*g, 5*g - 445 = -4*n. What is the tens digit of g?
8
Suppose 6*x = 294 + 66. What is the units digit of x?
0
Let q be 18 - (-5)/((-15)/6). Suppose -h - h = -q. What is the units digit of h?
8
Let q = 66 - 28. What is the units digit of q?
8
Let i(z) be the second derivative of -z + 0 - 1/6*z**3 + 0*z**2. What is the units digit of i(-3)?
3
Suppose -5*f = -5*p - 20, 12 = p - 4*p. Suppose -3*a + 0*a + 30 = f. What is the units digit of a?
0
What is the tens digit of (-4)/6 - 3*(-2778)/27?
0
Suppose 3*w = 11*w - 128. What is the units digit of w?
6
Let c(f) = f - 8. Let u be c(6). Let z be 213 - (-1)/3*-3. What is the units digit of u/(-11) + z/44?
5
Let b = 34 - 19. What is the tens digit of b?
1
Let h(v) = 13*v**2 + 1. Let f be h(1). What is the tens digit of (-2)/7 - (-284)/f?
2
Suppose -5*j - 37 = 58. Let k = 12 - j. What is the units digit of k?
1
Let k(u) be the first derivative of -u**3/3 +